{"id":4368,"date":"2018-10-24T16:52:02","date_gmt":"2018-10-24T14:52:02","guid":{"rendered":"https:\/\/www.naicon.com\/company\/?page_id=4368"},"modified":"2022-03-09T09:43:52","modified_gmt":"2022-03-09T08:43:52","slug":"privacy-policy","status":"publish","type":"page","link":"https:\/\/www.naicon.com\/company\/naicongroup\/privacy-policy\/","title":{"rendered":"Privacy Policy"},"content":{"rendered":"<div class=\"fusion-fullwidth fullwidth-box fusion-builder-row-1 fusion-flex-container hundred-percent-fullwidth non-hundred-percent-height-scrolling\" style=\"--awb-border-radius-top-left:0px;--awb-border-radius-top-right:0px;--awb-border-radius-bottom-right:0px;--awb-border-radius-bottom-left:0px;--awb-overflow:visible;\" ><div class=\"fusion-builder-row fusion-row fusion-flex-align-items-flex-start\" style=\"width:calc( 100% + 0px ) !important;max-width:calc( 100% + 0px ) !important;margin-left: calc(-0px \/ 2 );margin-right: calc(-0px \/ 2 );\"><div class=\"fusion-layout-column fusion_builder_column fusion-builder-column-0 fusion_builder_column_1_1 1_1 fusion-flex-column\" style=\"--awb-bg-size:cover;--awb-width-large:100%;--awb-margin-top-large:0px;--awb-spacing-right-large:0px;--awb-margin-bottom-large:20px;--awb-spacing-left-large:0px;--awb-width-medium:100%;--awb-spacing-right-medium:0px;--awb-spacing-left-medium:0px;--awb-width-small:100%;--awb-spacing-right-small:0px;--awb-spacing-left-small:0px;\"><div class=\"fusion-column-wrapper fusion-flex-justify-content-flex-start fusion-content-layout-column\"><div class=\"fusion-title title fusion-title-1 fusion-title-center fusion-title-text fusion-title-size-one\"><div class=\"title-sep-container title-sep-container-left\"><div class=\"title-sep sep-double sep-solid\" style=\"border-color:#e0dede;\"><\/div><\/div><span class=\"awb-title-spacer\"><\/span><h1 class=\"title-heading-center\" style=\"margin:0;\">Privacy Policy<\/h1><span class=\"awb-title-spacer\"><\/span><div class=\"title-sep-container title-sep-container-right\"><div class=\"title-sep sep-double sep-solid\" style=\"border-color:#e0dede;\"><\/div><\/div><\/div><div class=\"fusion-text fusion-text-1\"><p>La presente Privacy Policy \u00e8 resa anche ai sensi dell\u2019art. 13 del Regolamento UE 2016\/679 \u2013 GDPR in materia di protezione dei dati personali e del Codice Privacy D.Lgs. 196\/03 \u2013 novellato dal D.Lgs.101\/18 \u2013 a coloro che si collegano al sito web www.naicon.com e usufruiscono dei relativi servizi web a partire dall&#8217;indirizzo https:\/\/www.naicon.com\/company\/.<\/p>\n<p>L\u2019informativa si riferisce soltanto alla pagina su menzionata e non anche ad altri siti web eventualmente consultati dall\u2019utente tramite appositi link.<br \/>\nIl presente sito \u00e8 di propriet\u00e0 e gestione di NAICON S.r.l. (di seguito \u201cil Titolare\u201d), con sede in Via Il Caravaggio N.25, 20060 Pozzuolo M.na Fraz. Trecella (Mi) Italy, t: +39 02 95003.1, Fax: +39 02 95003.313, mail: naicon@naicon.com, he garantisce il rispetto della normativa in materia di protezione dei dati personali (GDPR) in qualit\u00e0 di Titolare del trattamento dei dati personali.<\/p>\n<h3>DEFINIZIONI<\/h3>\n<h4>1 &#8211; Titolare del trattamento dei dati personali<\/h4>\n<p>Ai sensi dell\u2019art. 4, punto 7, del Regolamento UE 2016\/679 \u2013 GDPR, \u00e8 Titolare del trattamento \u201cla persona fisica o giuridica, l&#8217;autorit\u00e0 pubblica, il servizio o altro organismo che, singolarmente o insieme ad altri, determina le finalit\u00e0 e i mezzi del trattamento di dati personali\u201d.<br \/>\nRelativamente al presente sito web il Titolare del trattamento \u00e8: NAICON S.r.l. (di seguito \u201cil Titolare\u201d), con sede in Via Il Caravaggio N.25, 20060 Pozzuolo M.na Fraz. Trecella (Mi).<\/p>\n<h4>2 &#8211; Responsabile del trattamento dati<\/h4>\n<p>Ai sensi dell\u2019art. 4, punto 8, del Regolamento UE 2016\/679 \u2013 GDPR, \u00e8 Responsabile del trattamento \u201cla persona fisica o giuridica, l&#8217;autorit\u00e0 pubblica, il servizio o altro organismo che tratta dati personali per conto del Titolare del trattamento\u201d.<br \/>\nAi sensi dell&#8217;articolo 28 del regolamento UE 2016\/679, su nomina del Titolare del Titolare del trattamento dei dati personali, il Responsabile del trattamento dei dati del sito del Titolare \u00e8: CD Informatica S.r.l.<\/p>\n<h3>FINALITA\u2019 DEL TRATTAMENTO<\/h3>\n<p>Scopo della presente informativa del sito web \u00e8:<br \/>\n1. fornire indicazioni circa le modalit\u00e0, i tempi e la natura delle informazioni che il Titolare del trattamento deve garantire agli utenti al momento della connessione alla pagina web, indipendentemente dagli scopi del collegamento stesso, secondo la legislazione Europea e la legislazione nazionale sul trattamento dei dati personali e la libera circolazione di tali dati;<br \/>\n2. verificare il corretto funzionamento della pagina, e per motivi di sicurezza e per l\u2019accertamento di eventuali responsabilit\u00e0 in caso di illeciti commessi a danno del sito, del Titolare e\/o di terzi;<br \/>\n3. registrare l\u2019utente nella sezione \u201cLavora con noi\u201d. Per tale attivit\u00e0 il Titolare raccoglie i seguenti dati personali tramite la compilazione del form presente sulla pagina: nome, cognome, telefono, e-mail e messaggio di presentazione dal contenuto libero che l\u2019utente pu\u00f2 inserire nell\u2019area dedicata. All\u2019Utente \u00e8 data la possibilit\u00e0 di allegare il proprio C.v. per la candidatura spontanea o per una posizione aperta presso il Titolare. Il Titolare utilizzer\u00e0 i dati contenuti nel C.v. al solo scopo di procedere alla selezione del candidato per la posizione applicata.<\/p>\n<p>Qualora il Titolare intenda trattare ulteriormente i dati personali per una finalit\u00e0 diversa da quella per cui essi sono stati raccolti, fornir\u00e0 previamente all\u2019interessato ogni informazione necessaria e provveder\u00e0 a richiederne il consenso ove previsto.<\/p>\n<h3>BASE GIURIDICA<\/h3>\n<p>I dati personali raccolti tramite la pagina web sono trattati per le sopra esplicitate finalit\u00e0 al fine di fornire un servizio circa le modalit\u00e0, i tempi e la natura del trattamento al momento della connessione volontaria al sito, nonch\u00e9 per verificare il corretto funzionamento della pagina, per motivi di sicurezza e per l\u2019accertamento di eventuali responsabilit\u00e0 in caso di illeciti commessi a danno del sito, del Titolare e\/o di terzi. Nelle ipotesi di cui ai punti 1 e 2 le informazioni saranno trattate in base ai legittimi interessi del Titolare. I dati personali raccolti tramite la compilazione del form per l\u2019invio di una candidatura spontanea o per l\u2019applicazione volontaria a una posizione lavorativa aperta saranno utilizzati solo ed esclusivamente al fine di selezionare e gestire il profilo del candidato e di ottemperare ai relativi obblighi pre-contrattuali.<\/p>\n<h3>MODALITA\u2019 DI TRATTAMENTO<\/h3>\n<p>Ai sensi dell\u2019art. 4, punto 2, GDPR per \u00abtrattamento\u00bb si intende: \u201cqualsiasi operazione o insieme di operazioni, compiute con o senza l\u2019ausilio di processi automatizzati e applicate a dati personali o insiemi di dati personali, come la raccolta, la registrazione, l\u2019organizzazione, la strutturazione, la conservazione, l\u2019adattamento o la modifica, l\u2019estrazione, la consultazione, l\u2019uso, la comunicazione mediante trasmissione, diffusione o qualsiasi altra forma di messa a disposizione, il raffronto o l\u2019interconnessione, la limitazione, la cancellazione o la distruzione\u201d.<br \/>\nI Suoi dati personali sono sottoposti a trattamento mediante strumenti manuali e informatici con logiche strettamente correlate alle finalit\u00e0 per le quali sono stati acquisiti e comunque in modo da garantire la sicurezza e la riservatezza dei dati stessi. I dati dell\u2019utente vengono utilizzati soltanto per ricavare informazioni statistiche anonime sull&#8217;uso del sito e per controllarne il funzionamento Ai fini della sicurezza (filtri antispam, firewall, rilevazione virus), i dati registrati automaticamente possono eventualmente comprendere anche dati personali come l&#8217;indirizzo Ip, che potrebbe essere utilizzato, conformemente alle leggi vigenti in materia, al fine di bloccare tentativi di danneggiamento al sito medesimo o di recare danno ad altri utenti, o comunque attivit\u00e0 dannose o costituenti reato. Tali dati non sono mai utilizzati per l&#8217;identificazione o la profilazione dell&#8217;utente, ma solo a fini di tutela del sito e dei suoi utenti, tali informazioni saranno trattate in base ai legittimi interessi del Titolare.<br \/>\nLa raccolta di dati personali \u00e8 limitata al minimo necessario per ogni specifica finalit\u00e0 del trattamento.<br \/>\nIl Titolare ha adottato misure tecniche e organizzative adeguate a garantire la protezione dei dati trattati sulla pagina web.<br \/>\nIl trattamento di dati personali \u00e8 limitato alle finalit\u00e0 per le quali sono stati raccolti.<br \/>\nLa memorizzazione di dati personali \u00e8 limitata al minimo necessario per ogni specifica finalit\u00e0 del trattamento. Non sono forniti dati personali a terze parti commerciali.<br \/>\nNon sono effettuati la vendita o l\u2019affitto di dati personali.<br \/>\nIl Titolare non effettua trattamenti che consistano in processi decisionali automatizzati sui Suoi dati trattati.<\/p>\n<h3>TIPOLOGIA DI DATI<\/h3>\n<p>\u2022 Dati di navigazione<br \/>\nI sistemi informatici e le procedure software preposte al funzionamento di questa pagina web acquisiscono, nel corso del normale esercizio e per la sola durata della connessione, alcuni dati personali la cui trasmissione \u00e8 implicita nell\u2019uso dei protocolli di comunicazione di Internet.<br \/>\nSi tratta di informazioni che non sono raccolte per essere associate a interessati identificati, ma che per loro stessa natura potrebbero, attraverso elaborazioni ed associazioni con dati detenuti da terzi, permettere di identificare gli utenti. In questa categoria di dati rientrano gli indirizzi IP o i nomi a dominio dei computer utilizzati dagli utenti che si connettono al sito, gli indirizzi in notazione URI (Uniform Resource Identifier) delle risorse richieste, l\u2019orario della richiesta, il metodo utilizzato nel sottoporre la richiesta al server (buon fine, errore, ecc.) ed altri parametri relativi al sistema operativo e all\u2019ambiente informatico dell\u2019utente. Questi dati vengono utilizzati al solo fine di ricavare informazioni statistiche anonime sull\u2019uso del sito e controllarne il corretto funzionamento e vengono cancellati immediatamente dopo l\u2019elaborazione. I dati potrebbero essere utilizzati per l\u2019accertamento di responsabilit\u00e0 in caso di ipotetici reati informatici ai danni del sito: salva questa eventualit\u00e0, allo stato i dati sui contatti web non persistono per pi\u00f9 di 15 giorni.<\/p>\n<p>\u2022 Dati forniti volontariamente dall&#8217;utente<br \/>\nLa compilazione del form per la candidatura spontanea o per l\u2019applicazione a una posizione lavorativa aperta su questo sito comporta la successiva acquisizione dell\u2019indirizzo del mittente, i dati identificativi del candidato e, se allegato, i dati contenuti nel C.v.<br \/>\nDetti dati verranno trattati esclusivamente al fine di evadere la richiesta inoltrata.<\/p>\n<p>\u2022 Cookies<br \/>\nUn cookie \u00e8 un piccolo &#8220;file dati&#8221; che alcuni siti web, mentre vengono visitati, possono inviare all&#8217;indirizzo dell&#8217;utente che li sta navigando al fine di tracciare il suo percorso all&#8217;interno del sito e raccogliere dati in forma esclusivamente anonima per migliorare l&#8217;offerta e la fruibilit\u00e0 del sito stesso. Per ulteriori informazioni inerenti ai cookie si rinvia alla specifica informativa pubblicata sulla pagina del Titolare.<\/p>\n<h3>NATURA DEL TRATTAMENTO<\/h3>\n<p>A parte quanto specificato per i dati di navigazione, l\u2019utente \u00e8 libero di fornire i dati personali compilando l\u2019apposito form per la candidatura spontanea o per l\u2019applicazione a una posizione lavorativa aperta. Si precisa che il mancato conferimento dei dati personali comporter\u00e0 l\u2019impossibilit\u00e0 di ottenere il servizio richiesto. Il conferimento dei dati personali \u00e8 facoltativo e non pregiudica la fruizione di altri servizi garantiti dal Titolare per l\u2019accesso alla pagina, ma \u00e8 necessario per la candidatura.<\/p>\n<h3>COMUNICAZIONE E DIFFUSIONE DEI DATI<\/h3>\n<p>I dati degli utenti del sito del Titolare sono utilizzati esclusivamente per attivit\u00e0 strettamente connesse e strumentali all&#8217;operativit\u00e0 della pagina stessa.<br \/>\nI Suoi Dati Personali potranno essere comunicati e trattati da collaboratori e\/o dipendenti del Titolare, in qualit\u00e0 di soggetti autorizzati\/incaricati del trattamento, nell&#8217;ambito delle rispettive funzioni ed in conformit\u00e0 alle istruzioni impartite dal Titolare.<br \/>\nIn alcuni casi, potrebbero avere accesso ai dati soggetti esterni (come fornitori di servizi tecnici terzi, hosting provider, societ\u00e0 informatiche, societ\u00e0 che collaborano con il Titolare per la fornitura del servizio richiesto) che agiscano per conto del Titolare, debitamente nominati, se necessario, Responsabili del trattamento ai sensi dell\u2019articolo 28 del GDPR in materia di protezione dei dati personali. L\u2019elenco aggiornato dei responsabili potr\u00e0 sempre essere richiesto al Titolare del trattamento.<br \/>\nSi precisa che i Suoi dati non saranno diffusi, n\u00e9 saranno in alcun modo oggetto di processi decisionali automatizzati compresa la profilazione.<\/p>\n<h3>TRASFERIMENTO DEI DATI<\/h3>\n<p>La gestione e la conservazione dei dati personali avverr\u00e0 su server ubicati presso la sede del Titolare. I dati non saranno oggetto di trasferimento al di fuori dell\u2019Unione Europea.<br \/>\nResta in ogni caso inteso che il Titolare, ove si rendesse necessario, avr\u00e0 facolt\u00e0 di spostare l\u2019ubicazione dei server in Unione Europea e\/o in Paesi extra-UE. In tal caso, il Titolare assicura sin d\u2019ora che il trasferimento dei dati extra-UE avverr\u00e0 in conformit\u00e0 alle disposizioni di legge applicabili stipulando, se necessario, accordi che garantiscano un livello di protezione adeguato e\/o adottando le clausole contrattuali standard previste dalla Commissione Europea.<\/p>\n<h3>PERIODO DI CONSERVAZIONE<\/h3>\n<p>Al fine di assicurare il rispetto dei principi di necessit\u00e0 e proporzionalit\u00e0 del trattamento, i dati personali sono trattati per il periodo di tempo strettamente necessario al raggiungimento delle finalit\u00e0 indicate nella presente privacy policy, nonch\u00e9 in base alle disposizioni di legge e dei regolamenti.<\/p>\n<h3>DIRITTI DELL&#8217;UTENTE<\/h3>\n<p>Potr\u00e0 esercitare i suoi diritti nei confronti del Titolare o del Responsabile del trattamento, utilizzando i seguenti recapiti: t: +39 02 95003.1, Fax: +39 02 95003.313, mail: naicon@naicon.com.<br \/>\nPer garantire il corretto esercizio dei diritti, l\u2019interessato dovr\u00e0 rendersi identificabile in maniera inequivocabile. Il Titolare si impegna a fornire riscontro entro 30 giorni e, in caso di impossibilit\u00e0 a rispettare tali tempi, a motivare l\u2019eventuale proroga dei termini previsti. Il riscontro avverr\u00e0 a titolo gratuito salvo casi di infondatezza (es. non esistono dati che riguardano l\u2019interessato richiedente) o richieste eccessive (es. ripetitive nel tempo) per le quali potr\u00e0 essere addebitato un contributo spese.<\/p>\n<p>L\u2019interessato inoltre pu\u00f2 proporre reclamo all\u2019autorit\u00e0 di controllo.<br \/>\nIn caso di violazione dei dati personali subite dall\u2019impresa (Data Breach), in ottemperanza all\u2019art. 33 del GDPR, il Titolare proceder\u00e0 alla notificazione all\u2019autorit\u00e0 di controllo competente entro 72 ore dal momento in cui \u00e8 venuto a conoscenza del fatto e comunicher\u00e0 altres\u00ec l\u2019evento anche all\u2019interessato, salvo i casi di esclusione previsti dalla normativa all\u2019art. 34, par.3 del GDPR.<\/p>\n<p>L\u2019interessato ha diritto di ottenere indicazioni su:<br \/>\n\u2022 l\u2019origine dei dati personali e le categorie di dati trattati;<br \/>\n\u2022 le finalit\u00e0 e le modalit\u00e0 del trattamento;<br \/>\n\u2022 il periodo di conservazione dei dati personali;<br \/>\n\u2022 la logica applicata in caso di trattamento effettuato con l\u2019ausilio di strumenti elettronici;<br \/>\n\u2022 gli estremi identificativi del Titolare e del Responsabile del trattamento dei dati personali;<br \/>\n\u2022 i soggetti e le categorie di soggetti ai quali i dati personali possono essere comunicati o che possono venirne a conoscenza in qualit\u00e0 di responsabili o di incaricati anche in Paesi Terzi<br \/>\n\u2022 l\u2019esistenza del processo di profilazione.<\/p>\n<p>L\u2019interessato ha diritto di ottenere:<br \/>\n\u2022 la conferma dell\u2019esistenza o meno di loro dati personali e che tali dati siano messi a disposizione in forma intelligibile;<br \/>\n\u2022 l\u2019aggiornamento, la rettifica, l\u2019integrazione dei dati e la limitazione;<br \/>\n\u2022 la cancellazione (diritto all\u2019oblio), la trasformazione in forma anonima o il blocco dei dati trattati in violazione di legge (compresi quelli per cui non \u00e8 necessaria la conservazione in relazione agli scopi per i quali sono stati raccolti o successivamente trattati);<br \/>\n\u2022 l\u2019attestazione che le operazioni di cui ai punti sopra sono state portate a conoscenza anche di coloro ai quali i dati sono stati comunicati o diffusi, eccettuato il caso in cui tale adempimento si rivela impossibile o comporta un impiego di mezzi manifestamente sproporzionato rispetto al diritto tutelato dall&#8217;impresa;<br \/>\n\u2022 la portabilit\u00e0 dei dati (trasmissione diretta da un Titolare ad un altro)<br \/>\n\u2022 la copia dei dati oggetto di trattamento.<br \/>\nL\u2019interessato ha diritto di presentare opposizione al trattamento dei dati personali nei casi previsti dall\u2019art. 21 del GDPR.<\/p>\n<h3>MODIFICHE AL PRESENTE DOCUMENTO<\/h3>\n<h3>Il presente documento costituisce la privacy policy di questo sito.<br \/>\nEsso pu\u00f2 essere soggetto a modifiche o aggiornamenti. Qualora si tratti di modifiche ed aggiornamenti rilevanti questi saranno segnalati con apposite notifiche agli utenti.<br \/>\nIl documento \u00e8 stato aggiornato nel mese di settembre 2018 per essere conforme alle disposizioni normative in materia, ed in particolare in conformit\u00e0 al Regolamento UE 2016\/679 e al Codice Privacy \u2013 D.Lgs. 196\/03, novellato dal D.Lgs. 101\/18.<\/h3>\n<p>IL TITOLARE DEL TRATTAMENTO DEI DATI PERSONALI<br \/>\nNAICON S.r.l.<\/p>\n<\/div><\/div><\/div><\/div><\/div>\n","protected":false},"excerpt":{"rendered":"","protected":false},"author":4,"featured_media":0,"parent":52,"menu_order":0,"comment_status":"closed","ping_status":"closed","template":"","meta":{"footnotes":""},"class_list":["post-4368","page","type-page","status-publish","hentry"],"yoast_head":"<!-- This site is optimized with the Yoast SEO plugin v23.4 - https:\/\/yoast.com\/wordpress\/plugins\/seo\/ -->\n<title>Privacy Policy - NaiconGroup<\/title>\n<meta name=\"robots\" content=\"index, follow, max-snippet:-1, max-image-preview:large, max-video-preview:-1\" \/>\n<link rel=\"canonical\" href=\"https:\/\/www.naicon.com\/company\/naicongroup\/privacy-policy\/\" \/>\n<meta property=\"og:locale\" content=\"it_IT\" \/>\n<meta property=\"og:type\" content=\"article\" \/>\n<meta property=\"og:title\" content=\"Privacy Policy - NaiconGroup\" \/>\n<meta property=\"og:url\" content=\"https:\/\/www.naicon.com\/company\/naicongroup\/privacy-policy\/\" \/>\n<meta property=\"og:site_name\" content=\"NaiconGroup\" \/>\n<meta property=\"article:publisher\" content=\"https:\/\/www.facebook.com\/naiconsrl\/\" \/>\n<meta property=\"article:modified_time\" content=\"2022-03-09T08:43:52+00:00\" \/>\n<meta name=\"twitter:label1\" content=\"Tempo di lettura stimato\" \/>\n\t<meta name=\"twitter:data1\" content=\"12 minuti\" \/>\n<script type=\"application\/ld+json\" class=\"yoast-schema-graph\">{\"@context\":\"https:\/\/schema.org\",\"@graph\":[{\"@type\":\"WebPage\",\"@id\":\"https:\/\/www.naicon.com\/company\/naicongroup\/privacy-policy\/\",\"url\":\"https:\/\/www.naicon.com\/company\/naicongroup\/privacy-policy\/\",\"name\":\"Privacy Policy - NaiconGroup\",\"isPartOf\":{\"@id\":\"https:\/\/www.naicon.com\/company\/#website\"},\"datePublished\":\"2018-10-24T14:52:02+00:00\",\"dateModified\":\"2022-03-09T08:43:52+00:00\",\"breadcrumb\":{\"@id\":\"https:\/\/www.naicon.com\/company\/naicongroup\/privacy-policy\/#breadcrumb\"},\"inLanguage\":\"it-IT\",\"potentialAction\":[{\"@type\":\"ReadAction\",\"target\":[\"https:\/\/www.naicon.com\/company\/naicongroup\/privacy-policy\/\"]}]},{\"@type\":\"BreadcrumbList\",\"@id\":\"https:\/\/www.naicon.com\/company\/naicongroup\/privacy-policy\/#breadcrumb\",\"itemListElement\":[{\"@type\":\"ListItem\",\"position\":1,\"name\":\"Home\",\"item\":\"https:\/\/www.naicon.com\/company\/\"},{\"@type\":\"ListItem\",\"position\":2,\"name\":\"NaiconGroup\",\"item\":\"https:\/\/www.naicon.com\/company\/\"},{\"@type\":\"ListItem\",\"position\":3,\"name\":\"Privacy Policy\"}]},{\"@type\":\"WebSite\",\"@id\":\"https:\/\/www.naicon.com\/company\/#website\",\"url\":\"https:\/\/www.naicon.com\/company\/\",\"name\":\"NaiconGroup\",\"description\":\"Elsist - Diloc\",\"publisher\":{\"@id\":\"https:\/\/www.naicon.com\/company\/#organization\"},\"potentialAction\":[{\"@type\":\"SearchAction\",\"target\":{\"@type\":\"EntryPoint\",\"urlTemplate\":\"https:\/\/www.naicon.com\/company\/?s={search_term_string}\"},\"query-input\":{\"@type\":\"PropertyValueSpecification\",\"valueRequired\":true,\"valueName\":\"search_term_string\"}}],\"inLanguage\":\"it-IT\"},{\"@type\":\"Organization\",\"@id\":\"https:\/\/www.naicon.com\/company\/#organization\",\"name\":\"Naicon\",\"url\":\"https:\/\/www.naicon.com\/company\/\",\"logo\":{\"@type\":\"ImageObject\",\"inLanguage\":\"it-IT\",\"@id\":\"https:\/\/www.naicon.com\/company\/#\/schema\/logo\/image\/\",\"url\":\"https:\/\/www.naicon.com\/company\/wp-content\/uploads\/2018\/03\/naicon-logo.png\",\"contentUrl\":\"https:\/\/www.naicon.com\/company\/wp-content\/uploads\/2018\/03\/naicon-logo.png\",\"width\":1310,\"height\":466,\"caption\":\"Naicon\"},\"image\":{\"@id\":\"https:\/\/www.naicon.com\/company\/#\/schema\/logo\/image\/\"},\"sameAs\":[\"https:\/\/www.facebook.com\/naiconsrl\/\"]}]}<\/script>\n<!-- \/ Yoast SEO plugin. -->","yoast_head_json":{"title":"Privacy Policy - NaiconGroup","robots":{"index":"index","follow":"follow","max-snippet":"max-snippet:-1","max-image-preview":"max-image-preview:large","max-video-preview":"max-video-preview:-1"},"canonical":"https:\/\/www.naicon.com\/company\/naicongroup\/privacy-policy\/","og_locale":"it_IT","og_type":"article","og_title":"Privacy Policy - NaiconGroup","og_url":"https:\/\/www.naicon.com\/company\/naicongroup\/privacy-policy\/","og_site_name":"NaiconGroup","article_publisher":"https:\/\/www.facebook.com\/naiconsrl\/","article_modified_time":"2022-03-09T08:43:52+00:00","twitter_misc":{"Tempo di lettura stimato":"12 minuti"},"schema":{"@context":"https:\/\/schema.org","@graph":[{"@type":"WebPage","@id":"https:\/\/www.naicon.com\/company\/naicongroup\/privacy-policy\/","url":"https:\/\/www.naicon.com\/company\/naicongroup\/privacy-policy\/","name":"Privacy Policy - NaiconGroup","isPartOf":{"@id":"https:\/\/www.naicon.com\/company\/#website"},"datePublished":"2018-10-24T14:52:02+00:00","dateModified":"2022-03-09T08:43:52+00:00","breadcrumb":{"@id":"https:\/\/www.naicon.com\/company\/naicongroup\/privacy-policy\/#breadcrumb"},"inLanguage":"it-IT","potentialAction":[{"@type":"ReadAction","target":["https:\/\/www.naicon.com\/company\/naicongroup\/privacy-policy\/"]}]},{"@type":"BreadcrumbList","@id":"https:\/\/www.naicon.com\/company\/naicongroup\/privacy-policy\/#breadcrumb","itemListElement":[{"@type":"ListItem","position":1,"name":"Home","item":"https:\/\/www.naicon.com\/company\/"},{"@type":"ListItem","position":2,"name":"NaiconGroup","item":"https:\/\/www.naicon.com\/company\/"},{"@type":"ListItem","position":3,"name":"Privacy Policy"}]},{"@type":"WebSite","@id":"https:\/\/www.naicon.com\/company\/#website","url":"https:\/\/www.naicon.com\/company\/","name":"NaiconGroup","description":"Elsist - Diloc","publisher":{"@id":"https:\/\/www.naicon.com\/company\/#organization"},"potentialAction":[{"@type":"SearchAction","target":{"@type":"EntryPoint","urlTemplate":"https:\/\/www.naicon.com\/company\/?s={search_term_string}"},"query-input":{"@type":"PropertyValueSpecification","valueRequired":true,"valueName":"search_term_string"}}],"inLanguage":"it-IT"},{"@type":"Organization","@id":"https:\/\/www.naicon.com\/company\/#organization","name":"Naicon","url":"https:\/\/www.naicon.com\/company\/","logo":{"@type":"ImageObject","inLanguage":"it-IT","@id":"https:\/\/www.naicon.com\/company\/#\/schema\/logo\/image\/","url":"https:\/\/www.naicon.com\/company\/wp-content\/uploads\/2018\/03\/naicon-logo.png","contentUrl":"https:\/\/www.naicon.com\/company\/wp-content\/uploads\/2018\/03\/naicon-logo.png","width":1310,"height":466,"caption":"Naicon"},"image":{"@id":"https:\/\/www.naicon.com\/company\/#\/schema\/logo\/image\/"},"sameAs":["https:\/\/www.facebook.com\/naiconsrl\/"]}]}},"_links":{"self":[{"href":"https:\/\/www.naicon.com\/company\/wp-json\/wp\/v2\/pages\/4368"}],"collection":[{"href":"https:\/\/www.naicon.com\/company\/wp-json\/wp\/v2\/pages"}],"about":[{"href":"https:\/\/www.naicon.com\/company\/wp-json\/wp\/v2\/types\/page"}],"author":[{"embeddable":true,"href":"https:\/\/www.naicon.com\/company\/wp-json\/wp\/v2\/users\/4"}],"replies":[{"embeddable":true,"href":"https:\/\/www.naicon.com\/company\/wp-json\/wp\/v2\/comments?post=4368"}],"version-history":[{"count":2,"href":"https:\/\/www.naicon.com\/company\/wp-json\/wp\/v2\/pages\/4368\/revisions"}],"predecessor-version":[{"id":8700,"href":"https:\/\/www.naicon.com\/company\/wp-json\/wp\/v2\/pages\/4368\/revisions\/8700"}],"up":[{"embeddable":true,"href":"https:\/\/www.naicon.com\/company\/wp-json\/wp\/v2\/pages\/52"}],"wp:attachment":[{"href":"https:\/\/www.naicon.com\/company\/wp-json\/wp\/v2\/media?parent=4368"}],"curies":[{"name":"wp","href":"https:\/\/api.w.org\/{rel}","templated":true}]}}